hest common divisor of 722146 and 356.
178
Calculate the greatest common divisor of 369 and 184131.
369
What is the greatest common divisor of 3916 and 89356?
356
Calculate the greatest common divisor of 1701 and 37044.
189
What is the highest common factor of 1617 and 79037?
49
Calculate the greatest common divisor of 126 and 299502.
126
Calculate the greatest common factor of 4750 and 111750.
250
Calculate the greatest common factor of 14201 and 393755.
1291
What is the highest common factor of 31 and 427?
1
What is the highest common factor of 22 and 328713?
11
Calculate the greatest common divisor of 121619 and 703.
703
Calculate the highest common divisor of 336005 and 590.
295
Calculate the greatest common divisor of 12276750 and 750.
750
What is the highest common divisor of 9504 and 24912?
144
Calculate the greatest common divisor of 14975 and 200.
25
What is the greatest common divisor of 66 and 7026?
6
Calculate the highest common divisor of 5319 and 1539.
27
Calculate the highest common factor of 211882 and 242.
22
Calculate the highest common divisor of 127508 and 12827.
127
What is the highest common factor of 640380 and 5460?
780
Calculate the highest common factor of 5321 and 283891.
313
What is the highest common factor of 628974 and 90?
18
Calculate the greatest common factor of 105 and 7895.
5
What is the highest common factor of 12864 and 93666?
402
Calculate the greatest common divisor of 15 and 202281.
3
What is the greatest common divisor of 1566363 and 204?
51
What is the highest common factor of 599137 and 341?
341
What is the greatest common divisor of 31 and 796483?
31
Calculate the greatest common divisor of 3108 and 183204.
84
Calculate the highest common divisor of 250 and 43450.
50
What is the highest common divisor of 521 and 31781?
521
Calculate the highest common divisor of 18 and 22014.
18
What is the highest common divisor of 30953910 and 571?
571
Calculate the greatest common divisor of 20 and 2061770.
10
Calculate the highest common divisor of 2968 and 329077.
371
What is the highest common divisor of 20200 and 88?
8
What is the highest common divisor of 2185 and 11500?
115
Calculate the greatest common factor of 5826 and 409762.
1942
Calculate the highest common divisor of 182 and 4466.
14
What is the highest common divisor of 2060 and 606670?
1030
What is the greatest common divisor of 5961 and 15?
3
Calculate the greatest common divisor of 199178 and 28.
14
What is the greatest common factor of 17 and 3903?
1
Calculate the greatest common divisor of 19902 and 258.
6
Calculate the highest common factor of 1002 and 52772.
334
Calculate the greatest common divisor of 3206 and 518.
14
What is the greatest common factor of 713 and 324323?
23
Calculate the greatest common factor of 76 and 319675.
19
What is the highest common divisor of 32 and 8608?
32
What is the greatest common factor of 5202 and 7038?
306
Calculate the greatest common divisor of 2805 and 4257.
33
What is the highest common divisor of 650 and 858?
26
What is the greatest common factor of 485241 and 38?
19
What is the greatest common factor of 1500 and 34845?
15
Calculate the highest common divisor of 43425 and 1125.
225
Calculate the greatest common divisor of 29265 and 2580.
15
Calculate the highest common divisor of 88 and 14696.
88
Calculate the greatest common factor of 15 and 135840.
15
Calculate the greatest common divisor of 1184334 and 6.
6
What is the greatest common divisor of 468 and 4890?
6
Calculate the greatest common factor of 119935 and 1660.
415
What is the highest common factor of 564 and 17202?
282
What is the highest common factor of 252900 and 234?
18
What is the greatest common divisor of 4644 and 1590828?
516
What is the highest common factor of 514105 and 5725?
1145
Calculate the greatest common divisor of 85 and 322935.
5
What is the greatest common factor of 855 and 24320?
95
What is the highest common divisor of 52 and 573053?
13
What is the greatest common divisor of 3485 and 17935?
85
What is the highest common divisor of 535833 and 9?
9
Calculate the highest common divisor of 25677 and 243.
81
Calculate the highest common factor of 10 and 93955.
5
Calculate the greatest common factor of 3515 and 14953.
19
What is the highest common factor of 460 and 1280?
20
What is the highest common divisor of 403 and 1404?
13
What is the highest common factor of 7029 and 1034825?
781
What is the highest common factor of 50928 and 816?
48
Calculate the highest common divisor of 18 and 6801.
3
Calculate the highest common factor of 2601 and 27693.
153
Calculate the greatest common divisor of 24860 and 1452.
44
Calculate the highest common factor of 434040 and 96.
24
Calculate the highest common factor of 175689 and 9.
9
Calculate the highest common divisor of 58652 and 2914.
62
Calculate the highest common divisor of 50248 and 352.
88
Calculate the highest common factor of 52 and 302.
2
What is the highest common factor of 28 and 5089?
7
What is the highest common divisor of 250400 and 20?
20
Calculate the highest common divisor of 13 and 12201.
1
Calculate the greatest common factor of 520 and 46670.
130
What is the greatest common factor of 169187 and 734?
367
Calculate the greatest common divisor of 169060 and 180.
20
What is the highest common factor of 219 and 107529?
219
What is the highest common factor of 32218 and 14299?
181
Calculate the greatest common divisor of 258 and 39861.
129
Calculate the greatest common divisor of 85185 and 750.
15
Calculate the highest common divisor of 2888 and 158118.
722
Calculate the greatest common factor of 269198 and 1124.
562
What is the highest common divisor of 140 and 6776?
28
What is the greatest common divisor of 29780 and 60?
20
What is the greatest common divisor of 285025 and 1300?
325
Calculate the greatest common factor of 475728 and 1088.
272
What is the highest common divisor of 2964648 and 6?
6
Calculate the highest common factor of 3206854 and 42.
14
What is the highest common divisor of 39050 and 24200?
550
What is the highest common factor of 1320 and 8520?
120
What is the highest common factor of 1967 and 13207?
281
Calculate the highest common divisor of 709714 and 186.
62
Calculate the greatest common divisor of 19637 and 132079.
269
What is the greatest common divisor of 3026 and 22962?
178
Calculate the greatest common divisor of 1651 and 988.
13
Calculate the greatest common divisor of 702 and 299.
13
What is the highest common divisor of 759 and 165209?
253
What is the greatest common factor of 437 and 641723?
23
Calculate the greatest common factor of 64588 and 804.
268
Calculate the highest common factor of 15 and 154665.
15
Calculate the greatest common divisor of 15552 and 45.
9
Calculate the highest common factor of 189 and 98793.
27
What is the highest common divisor of 37627 and 37036?
197
Calculate the highest common divisor of 651 and 133827.
93
What is the highest common factor of 1121 and 1870949?
1121
What is the highest common divisor of 113429 and 4526?
31
Calculate the greatest common divisor of 140040 and 2448.
72
What is the greatest common factor of 286 and 27274?
26
Calculate the greatest common divisor of 563963 and 29.
29
What is the greatest common factor of 42076 and 5628?
268
Calculate the greatest common divisor of 93872 and 176.
16
Calculate the highest common divisor of 1615474 and 4002.
1334
Calculate the greatest common factor of 10630 and 15.
5
Calculate the highest common factor of 144 and 44376.
24
Calculate the greatest common factor of 34 and 3411781.
17
What is the greatest common factor of 3434 and 1921?
17
What is the greatest common factor of 22 and 64691?
11
What is the highest common factor of 836 and 398354?
418
What is the greatest common factor of 1554320 and 80?
80
Calculate the highest common divisor of 12425 and 875.
175
What is the highest common factor of 111419 and 77?
77
Calculate the highest common factor of 189422 and 1166.
106
Calculate the greatest common divisor of 124002 and 12.
6
Calculate the greatest common factor of 1200 and 333150.
150
What is the greatest common divisor of 252 and 10724?
28
Calculate the greatest common factor of 1560222 and 324.
162
What is the highest common factor of 2296 and